 b(31).
1227
Let y(c) = 35*c**2 - 2*c - 1. Calculate y(-6).
1271
Let w(o) = 19*o**2 - 274*o - 2655. Determine w(-7).
194
Let x(m) = 1682*m - 72322. Give x(43).
4
Let v(q) = -235*q - 2627. Determine v(-9).
-512
Let a(k) = -6717*k + 66911. Determine a(10).
-259
Let r(g) = -4*g**2 + 7600*g + 1046955. What is r(-129)?
-9
Let r(m) = -m**2 - 233*m + 577. Determine r(-233).
577
Let s(k) = -2*k**3 - 16*k**2 - 177*k - 217. What is s(-11)?
2456
Let u(q) = q**2 - 11119*q - 873326. Give u(-78).
40
Let a(d) = 273816*d - 1916785. Calculate a(7).
-73
Let j(l) = 15*l**2 + 481*l + 2923. Calculate j(-24).
19
Let v(c) = c**3 + 39*c**2 + 228*c + 104. Calculate v(-32).
-24
Let m(h) = 2*h**2 - 8773*h + 43811. What is m(5)?
-4
Let h(w) = w**3 - 8*w**2 + 2724*w - 19007. Give h(7).
12
Let k(r) = 6847*r - 404083. What is k(59)?
-110
Let z(h) = 427*h + 121093. What is z(-284)?
-175
Let p(u) = 10*u**3 + 331*u**2 - 2*u - 444. Give p(-33).
711
Let i(w) = -950*w - 2539. Determine i(-3).
311
Let t(g) = 59*g**2 - 10568*g + 42523. Calculate t(175).
-2
Let d(m) = 10*m**2 + 989*m - 3906. Give d(4).
210
Let j(n) = -n**2 + 88*n + 1013. Calculate j(104).
-651
Let s(n) = -2*n**2 - 71044*n - 3830576. What is s(-54)?
-32
Let s(a) = 1760628*a**2 - 1760619*a - 4. Determine s(1).
5
Let b(z) = 77*z**3 + 921*z**2 + 36*z + 888. What is b(-12)?
24
Let t(x) = -515*x - 10360. Give t(-20).
-60
Let v(c) = c**3 + 44*c**2 + 331*c - 265. Calculate v(-34).
41
Let y(m) = -2*m**3 - 22*m**2 - 419848*m - 4198281. Give y(-10).
-1
Let v(y) = -399*y + 1020. Give v(-3).
2217
Let y(u) = 68*u**2 + 188*u - 1711. Calculate y(7).
2937
Let j(i) = -i**3 + 37*i**2 - 243*i - 10. Give j(28).
242
Let n(i) = -29*i**2 - 475*i + 2716. Give n(-21).
-98
Let f(o) = 151*o - 18206. Calculate f(121).
65
Let p(z) = -13*z**2 - 58835*z - 235347. Determine p(-4).
-215
Let h(j) = 3*j**3 + 33*j**2 + 57*j + 1. Give h(-9).
-26
Let y(a) = -210*a**2 - 18691*a - 91. What is y(-89)?
-2
Let l(p) = -p**3 - 170*p**2 - 1527*p - 1838. Determine l(-8).
10
Let d(p) = p**2 - 94*p - 25381. Determine d(213).
-34
Let a(s) = 2*s**2 + 1330*s + 46442. Give a(-37).
-30
Let p(r) = -19*r**2 - 481*r + 6086. Determine p(9).
218
Let z(k) = 3*k**2 - 559*k + 16874. Calculate z(147).
-472
Let r(i) = 3*i**2 + 1105*i - 87515. What is r(67)?
-13
Let j(y) = 6772*y - 196263. Determine j(29).
125
Let s(w) = -3*w**3 - 38*w**2 - 55*w + 3. Give s(-2).
-15
Let q(l) = l**2 - 725*l + 45870. Give q(655).
20
Let i(y) = -195*y**2 - 1689*y + 40. Calculate i(-9).
-554
Let h(w) = w**3 + 52*w**2 - 235*w + 3076. Give h(-57).
226
Let v(b) = 2*b**3 + 51*b**2 + 10*b - 304. Calculate v(-26).
-1240
Let m(q) = -9*q**3 + 27*q**2 - 50*q + 325. Give m(7).
-1789
Let l(u) = 9*u**2 - 746*u - 168. Give l(82).
-824
Let z(k) = -k**3 + 12*k**2 + 87*k - 928. Determine z(14).
-102
Let l(u) = 3012*u + 49231. Determine l(-17).
-1973
Let q(u) = -1622*u - 327507. What is q(-202)?
137
Let z(b) = -54285*b + 814278. Give z(15).
3
Let c(x) = 537*x + 56891. Determine c(-106).
-31
Let y(w) = 70*w**2 + 26*w - 99. What is y(1)?
-3
Let j(c) = -c**3 - 190*c**2 + 576*c - 564. Determine j(-193).
15
Let g(b) = -178*b + 16221. What is g(91)?
23
Let k(m) = 2*m**3 - 27*m**2 + 28*m - 344. What is k(14)?
244
Let r(z) = -z**3 + 217*z**2 - 3387*z - 209. What is r(17)?
12
Let h(v) = -32336*v - 1649134. Determine h(-51).
2
Let u(r) = -1182*r + 501299. Give u(424).
131
Let y(x) = -x**2 - 2321*x - 376111. What is y(-175)?
-561
Let t(d) = 3*d**2 - 2*d - 514. Give t(33).
2687
Let l(j) = -366017*j + 2196094. What is l(6)?
-8
Let v(u) = -u**3 + 83*u**2 + 442*u + 645. Determine v(88).
821
Let j(g) = 169*g**2 + 20970*g + 1729. Determine j(-124).
-7
Let i(g) = -2*g**2 - 107*g + 4065. Calculate i(27).
-282
Let z(c) = -132*c**2 + 2069*c - 2069. What is z(1)?
-132
Let h(a) = 8904*a - 26506. Determine h(3).
206
Let x(s) = 7670*s + 99699. Determine x(-13).
-11
Let j(v) = 11673*v + 163409. Determine j(-14).
-13
Let i(g) = 85*g**2 + 42724*g - 15615. Give i(-503).
-22
Let l(j) = 625*j + 1990. Determine l(-4).
-510
Let y(t) = 6*t**2 + 4294*t - 120310. Give y(27).
2
Let i(y) = 11*y**3 - 423*y**2 - 237*y + 133. Determine i(39).
16
Let n(p) = p**2 - 22611*p - 1815369. What is n(-80)?
-89
Let g(m) = 2*m**3 + 415*m**2 - 1781*m - 494190. Give g(-206).
4
Let g(u) = -u**3 - 13*u**2 + 608*u - 147. Give g(-32).
-147
Let l(m) = m**2 + 517*m - 10804. Calculate l(21).
494
Let x(o) = -o**2 - 1056*o - 189378. Determine x(-229).
5
Let x(o) = 3*o**3 + 612*o**2 - 616*o - 212. Determine x(-205).
-7
Let k(o) = -o**3 + 9*o**2 + 961*o - 7616. Determine k(8).
136
Let m(t) = -10*t**2 - 9545*t + 4782. Calculate m(-955).
7
Let h(v) = -14*v**2 - 1158*v + 34038. Give h(23).
-2
Let a(b) = -15*b**2 + 944*b + 23320. Calculate a(-19).
-31
Let f(g) = -128050*g - 1152422. What is f(-9)?
28
Let z(r) = 237*r**2 + 1060*r - 2112. Calculate z(2).
956
Let q(m) = 3*m**2 + 1417*m - 12984. Determine q(9).
12
Let r(w) = w**2 - 1256*w + 99410. Calculate r(85).
-125
Let p(y) = 431*y**2 - 240*y + 11. What is p(-1)?
682
Let t(n) = -n**3 - 7*n**2 + 141*n + 8. Determine t(0).
8
Let z(g) = 27*g**2 - 2780*g + 22839. Give z(9).
6
Let v(b) = -4178*b - 54567. Calculate v(-13).
-253
Let u(p) = p**3 + 247*p**2 + 723*p + 57217. Give u(-245).
132
Let a(h) = 10*h**2 - 69674*h + 209011. Determine a(3).
79
Let d(t) = -203566*t - 11399705. What is d(-56)?
-9
Let w(g) = -24580*g + 270335. Give w(11).
-45
Let c(z) = 159*z + 3633. Give c(-32).
-1455
Let i(j) = -79214*j + 950593. Calculate i(12).
25
Let v(o) = 13*o + 4689. Give v(-361).
-4
Let w(j) = 5*j**3 - 2067*j**2 + 8944*j + 22084. Give w(409).
-2
Let b(x) = -144005*x - 1296058. Give b(-9).
-13
Let d(z) = -2027*z - 938488. Determine d(-463).
13
Let t(g) = 452730*g + 5885489. Calculate t(-13).
-1
Let m(t) = 33667*t + 1615932. Give m(-48).
-84
Let k(w) = -w**2 + 507*w - 22586. Determine k(50).
264
Let v(l) = 94*l + 11724. Determine v(-122).
256
Let v(m) = 3238*m - 38823. What is v(12)?
33
Let i(y) = 85*y - 13748. Give i(162).
22
Let z(d) = -8*d**3 + 242*d**2 - 313*d + 7558. Determine z(30).
-32
Let s(k) = 10845*k - 1778604. Give s(164).
-24
Let x(q) = -q**2 - 79*q + 928. What is x(-90)?
-62
Let t(r) = 45*r**2 + 6208*r + 6208. Determine t(-1).
45
Let w(l) = -17469*l - 157169. What is w(-9)?
52
Let q(x) = -6074*x - 30293. What is q(-5)?
77
Let u(r) = r**2 - 271*r + 1596. What is u(6)?
6
Let n(y) = -3550*y - 276902. Give n(-78).
-2
Let j(t) = -44539*t - 223006. Determine j(-5).
-311
Let w(m) = -16*m**2 - 2865*m - 130. Give w(-179).
49
Let w(f) = 56108*f + 168309. Determine w(-3).
-15
Let k(h) = h**3 - 884*h**2 - 4400*h + 221. Determine k(-5).
-4
Let d(b) = -b**3 - 16*b**2 - 69*b + 21. Determine d(-6).
75
Let l(k) = -57*k - 2072. Calculate l(-32).
-248
Let g(l) = -2*l**3 + 61*l**2 - 136*l + 4689. Calculate g(31).
-488
Let c(a) = 245*a + 5267. Determine c(-20).
367
Let j(a) = -4*a**2 - 210*a - 1680. Determine j(-10).
20
Let r(x) = -x**3 - 48*x**2 + 1087*x - 1175. Calculate r(-65).
-5
Let i(q) = 576*q + 51900. What is i(-90)?
60
Let s(a) = a**3 - 55*a**2 + 215*a - 15166. Calculate s(56).
10
Let s(f) = -146*f - 8164. Calculate s(-56).
12
Let v(t) = 2*t**3 + 229*t**2 + 1874*t - 283. Calculate v(-9).
-58
Let o(u) = 5*u**2 - 86*u + 62. Give o(18).
134
Let z(y) = 30*y**2 - 3383*y + 16153. Determine z(5).
-12
Let k(q) = -q**3 + 12*q**2 - 6*q + 92. Calculate k(15).
-673
Let g(p) = -870*p + 20952. Calculate g(24).
72
Let w(g) = -6071*g - 145315. Calculate w(-24).
389
Let u(b) = -19*b**2 - 1255*b + 344. What is u(-66)?
410
Let p(n) = -23*n - 1638. Determine p(-56).
-350
Let y(j) = 14529*j - 740975. Calculate y(51).
4
Let l(j) = -2639*j - 26297. Calculate l(-10).
93
Let b(h) = 4*h**3 + 4*h**2 - 1380*h - 2768. Give b(-2).
-24
Let k(p) = 119*p**2 - 6058*p + 170. What is k(51)?
731
Let v(n) = 2084*n - 81409. Determine v(39).
-133
Let x(d) = -d**2 + 175345*d + 350688. Give x(-2).
-6
Let a(w) = -8*w**3 + 1249*w**2 - 150*w - 563. Give a(156).
373
Let q(o) = -3437*o - 340329. Give q(-99).
-66
Let i(z) = z**3 + 78*z**2 - 1845*z - 182. What is i(-97)?
12
Let x(m) = -11834*m + 1230703. Give x(104).
-33
Let b(v) = -5462*v - 10552. Determine b(-2).
372
Let j(g) = 21349*g + 234844. Determine j(-11).
5
Let h(f) = -f**3 - f**2 + 7. What is h(4)?
-73
Let n(o) = 21*o**2 - 908*o + 9